{"id":961,"date":"2026-08-30T17:46:12","date_gmt":"2026-08-30T15:46:12","guid":{"rendered":"https:\/\/sebastiancuevas.com\/?page_id=961"},"modified":"2026-08-30T19:45:55","modified_gmt":"2026-08-30T17:45:55","slug":"la-avispa-en-la-mano","status":"publish","type":"page","link":"https:\/\/sebastiancuevas.com\/?page_id=961","title":{"rendered":"La Avispa en la Mano"},"content":{"rendered":"<figure id=\"attachment_912\" aria-describedby=\"caption-attachment-912\" style=\"width: 211px\" class=\"wp-caption alignleft\"><a href=\"https:\/\/sebastiancuevas.com\/wp-content\/uploads\/2026\/08\/La_avispa_en_la_mano.pdf\"><img loading=\"lazy\" decoding=\"async\" class=\"size-medium wp-image-912\" src=\"http:\/\/sebastiancuevas.com\/wp-content\/uploads\/2026\/08\/Portada_la_avispa_en_la_mano.jpg\" alt=\"La avispa en la mano\" width=\"211\" height=\"300\" \/><\/a><figcaption id=\"caption-attachment-912\" class=\"wp-caption-text\"><a href=\"https:\/\/sebastiancuevas.com\/wp-content\/uploads\/2026\/08\/La_avispa_en_la_mano.pdf\">La avispa en la mano<\/a><\/figcaption><\/figure>\n<p><span style=\"color: #008000;\"><strong>La Avispa en la Mano.<br \/>\n<\/strong><\/span><br \/>\nCap\u00edtulo 4 del libro <span style=\"color: #008000;\">Cuentos y Descuentos Andaluces,<\/span>\u00a0 <span style=\"text-decoration: underline;\">publicaci\u00f3n gratuita conmemorativa del 50 aniversario de su publicaci\u00f3n y 35 del fallecimiento del autor Sebasti\u00e1n Cuevas Navarro.<\/span><\/p>\n<p>Un breve y magn\u00edfico relato costumbrista del mundo rural, como para dar guion a una pel\u00edcula. As\u00ed resulta cada cap\u00edtulo de este libro.<\/p>\n<p>Trama:\u00a0 Antes de la muerte del dictador Franco, sin legislaci\u00f3n laboral, ni\u00f1os y j\u00f3venes trabajaban de sol a sol en las faenas del campo cada d\u00eda en Espa\u00f1a. Una explotaci\u00f3n que comet\u00edan los propietarios de fincas, donde poco m\u00e1s que el pan y el techo eran las condiciones de acogimiento para familias enteras. Dedicados al campo, no se ense\u00f1aba ni a leer ni a sumar como ret\u00e9n a su propia condena.\u00a0 Ni\u00f1os cuyo horizonte no era otro que la pobreza y ni\u00f1as de las que los afincados abusaban en el paso de ni\u00f1a a mujer. Tenemos poca memoria de las hambres que vivi\u00f3\u00a0 Espa\u00f1a tras\u00a0 la injusta guerra.<\/p>\n<p>En fin, en este cuento se narra la historia de un joven yeg\u00fcero, que ilusionado anuncia al due\u00f1o de la finca el nacimiento de un potro de una de las yegua que cuida.\u00a0 \u00a0Con poco aprecio a las palabras del adolescente, el propietario de la finca ya prepara una indolente trama en la que poco tendr\u00edan que contar los cuidados y el amor por el potro del que el joven se ocupa.<\/p>\n<p><a href=\"https:\/\/sebastiancuevas.com\/wp-content\/uploads\/2026\/08\/La_avispa_en_la_mano.pdf\"><span style=\"color: #ff0000;\">Descarga aqu\u00ed<\/span><\/a><\/p>\n<p>\u00abLa avispa en la mano\u00bb, es el cap\u00edtulo 4 del libro \u00abCuentos y Descuentos Andaluces\u00bb publicado en 1976 por el \u00c1rea de Cultura del Ayuntamiento de C\u00f3rdoba.<\/p>\n","protected":false},"excerpt":{"rendered":"<p>La Avispa en la Mano. Cap\u00edtulo 4 del libro Cuentos y Descuentos Andaluces,\u00a0 publicaci\u00f3n gratuita conmemorativa del 50 aniversario de su publicaci\u00f3n y 35 del fallecimiento del autor Sebasti\u00e1n Cuevas Navarro. Un breve y magn\u00edfico relato costumbrista del mundo rural, como para dar guion a una pel\u00edcula. As\u00ed resulta cada cap\u00edtulo de este libro. Trama:\u00a0 [&hellip;]<\/p>\n","protected":false},"author":1,"featured_media":0,"parent":0,"menu_order":0,"comment_status":"closed","ping_status":"closed","template":"","meta":{"footnotes":""},"class_list":["post-961","page","type-page","status-publish","czr-hentry"],"_links":{"self":[{"href":"https:\/\/sebastiancuevas.com\/index.php?rest_route=\/wp\/v2\/pages\/961","targetHints":{"allow":["GET"]}}],"collection":[{"href":"https:\/\/sebastiancuevas.com\/index.php?rest_route=\/wp\/v2\/pages"}],"about":[{"href":"https:\/\/sebastiancuevas.com\/index.php?rest_route=\/wp\/v2\/types\/page"}],"author":[{"embeddable":true,"href":"https:\/\/sebastiancuevas.com\/index.php?rest_route=\/wp\/v2\/users\/1"}],"replies":[{"embeddable":true,"href":"https:\/\/sebastiancuevas.com\/index.php?rest_route=%2Fwp%2Fv2%2Fcomments&post=961"}],"version-history":[{"count":13,"href":"https:\/\/sebastiancuevas.com\/index.php?rest_route=\/wp\/v2\/pages\/961\/revisions"}],"predecessor-version":[{"id":977,"href":"https:\/\/sebastiancuevas.com\/index.php?rest_route=\/wp\/v2\/pages\/961\/revisions\/977"}],"wp:attachment":[{"href":"https:\/\/sebastiancuevas.com\/index.php?rest_route=%2Fwp%2Fv2%2Fmedia&parent=961"}],"curies":[{"name":"wp","href":"https:\/\/api.w.org\/{rel}","templated":true}]}}

<figure id="attachment_912" aria-describedby="caption-attachment-912" style="width: 211px" class="wp-caption alignleft"><a href="https://sebastiancuevas.com/wp-content/uploads/2026/08/La_avispa_en_la_mano.pdf"><img loading="lazy" decoding="async" class="size-medium wp-image-912" src="http://sebastiancuevas.com/wp-content/uploads/2026/08/Portada_la_avispa_en_la_mano.jpg" alt="La avispa en la mano" width="211" height="300" /></a><figcaption id="caption-attachment-912" class="wp-caption-text"><a href="https://sebastiancuevas.com/wp-content/uploads/2026/08/La_avispa_en_la_mano.pdf">La avispa en la mano</a></figcaption></figure>
<p><span style="color: #008000;"><strong>La Avispa en la Mano.<br />
</strong></span><br />
Capítulo 4 del libro <span style="color: #008000;">Cuentos y Descuentos Andaluces,</span>  <span style="text-decoration: underline;">publicación gratuita conmemorativa del 50 aniversario de su publicación y 35 del fallecimiento del autor Sebastián Cuevas Navarro.</span></p>
<p>Un breve y magnífico relato costumbrista del mundo rural, como para dar guion a una película. Así resulta cada capítulo de este libro.</p>
<p>Trama:  Antes de la muerte del dictador Franco, sin legislación laboral, niños y jóvenes trabajaban de sol a sol en las faenas del campo cada día en España. Una explotación que cometían los propietarios de fincas, donde poco más que el pan y el techo eran las condiciones de acogimiento para familias enteras. Dedicados al campo, no se enseñaba ni a leer ni a sumar como retén a su propia condena.  Niños cuyo horizonte no era otro que la pobreza y niñas de las que los afincados abusaban en el paso de niña a mujer. Tenemos poca memoria de las hambres que vivió  España tras  la injusta guerra.</p>
<p>En fin, en este cuento se narra la historia de un joven yegüero, que ilusionado anuncia al dueño de la finca el nacimiento de un potro de una de las yegua que cuida.   Con poco aprecio a las palabras del adolescente, el propietario de la finca ya prepara una indolente trama en la que poco tendrían que contar los cuidados y el amor por el potro del que el joven se ocupa.</p>
<p><a href="https://sebastiancuevas.com/wp-content/uploads/2026/08/La_avispa_en_la_mano.pdf"><span style="color: #ff0000;">Descarga aquí</span></a></p>
<p>«La avispa en la mano», es el capítulo 4 del libro «Cuentos y Descuentos Andaluces» publicado en 1976 por el Área de Cultura del Ayuntamiento de Córdoba.</p>

<p>La Avispa en la Mano. Capítulo 4 del libro Cuentos y Descuentos Andaluces,  publicación gratuita conmemorativa del 50 aniversario de su publicación y 35 del fallecimiento del autor Sebastián Cuevas Navarro. Un breve y magnífico relato costumbrista del mundo rural, como para dar guion a una película. Así resulta cada capítulo de este libro. Trama:  [&hellip;]</p>
